{"id":17519,"date":"2016-05-12T00:00:00","date_gmt":"2016-05-12T00:00:00","guid":{"rendered":"https:\/\/cadca1stg.wpengine.com\/resource\/general-dean-addresses-bi-partisan-task-force-meeting-today-on-capitol-hill\/"},"modified":"2016-05-12T00:00:00","modified_gmt":"2016-05-12T00:00:00","slug":"general-dean-addresses-bi-partisan-task-force-meeting-today-on-capitol-hill","status":"publish","type":"resource","link":"https:\/\/www.cadca.org\/pt\/resource\/general-dean-addresses-bi-partisan-task-force-meeting-today-on-capitol-hill\/","title":{"rendered":"General Dean Addresses Bi-Partisan Task Force Meeting Today on Capitol Hill"},"content":{"rendered":"<p>CADCA\u2019s Chairman and CEO, Gen. Arthur T. Dean, addressed members of a Bi-Partisan Task Force to Combat the Heroin Epidemic this morning on Capitol Hill.<\/p>\n<p>With the House\u00a0of Representatives passing 10 opioid bills this week and more votes scheduled for later today, CADCA wanted coalitions to read Gen. Dean\u2019s statement from this morning\u2019s bi-partisan task force meeting.<\/p>\n<p>Here is an excerpt:<\/p>\n<p>\u201cAs you all know, the senate-passed version of\u00a0<a href=\"https:\/\/www.cadca.org\/pt\/cara\/\" target=\"_blank\" rel=\"noopener\">CARA<\/a>, inclui a preven\u00e7\u00e3o e baseia-se no sucesso dos benefici\u00e1rios da DFC.\u00a0<\/p>\n<p>O CADCA apoia todos os aspectos do CARA \u2013 desde mudan\u00e7as no sistema de justi\u00e7a criminal at\u00e9 a expans\u00e3o da naloxona e do tratamento assistido por medicamentos.\u00a0\u00a0<\/p>\n<p>E a adi\u00e7\u00e3o da preven\u00e7\u00e3o \u00e9 uma parte essencial de qualquer abordagem abrangente \u00e0 nossa crise de opi\u00e1ceos.<\/p>\n<p>Portanto, estou encorajado com a vota\u00e7\u00e3o hoje de uma emenda para tornar \u201cprogramas de preven\u00e7\u00e3o e recupera\u00e7\u00e3o\u201d um uso permitido na medida dom\u00e9stica de opioides, HR-5046.<\/p>\n<p>Acredito que todos estamos conscientes de que esta crise n\u00e3o pode ser resolvida sem olharmos para cima e fazermos esse investimento s\u00e1bio numa preven\u00e7\u00e3o prim\u00e1ria eficaz.\u00a0<\/p>\n<p>A CADCA deseja agradecer a todos aqueles que se juntam a n\u00f3s nesta luta para salvar vidas e curar comunidades.\u00a0<\/p>\n<p>We join our 5,000 coalition partners across the U.S. to ask that any final, passed legislation to combat the opioid\/heroin epidemic include the prevention provisions that we know are desperately needed.\u201d<\/p>\n<p>Watch CADCA\u2019s website, social media and your email for CARA news as it develops.\u00a0<\/p>","protected":false},"excerpt":{"rendered":"<p>CADCA\u2019s Chairman and CEO, Gen. Arthur T. Dean, addressed members of a Bi-Partisan Task Force to Combat the Heroin Epidemic<\/p>","protected":false},"author":23,"featured_media":0,"template":"","resource_type":[281],"drug_specific_issues":[312,307],"action_to_do":[297],"class_list":["post-17519","resource","type-resource","status-publish","hentry","resource_type-coalitions-online","drug_specific_issues-heroin","drug_specific_issues-prescription-and-over-the-counter-medications","action_to_do-advocate-for-change"],"acf":[],"yoast_head":"<!-- This site is optimized with the Yoast SEO plugin v27.4 - https:\/\/yoast.com\/product\/yoast-seo-wordpress\/ -->\n<title>General Dean Addresses Bi-Partisan Task Force Meeting Today on Capitol Hill | CADCA<\/title>\n<meta name=\"robots\" content=\"index, follow, max-snippet:-1, max-image-preview:large, max-video-preview:-1\" \/>\n<link rel=\"canonical\" href=\"https:\/\/www.cadca.org\/pt\/resource\/general-dean-addresses-bi-partisan-task-force-meeting-today-on-capitol-hill\/\" \/>\n<meta property=\"og:locale\" content=\"pt_PT\" \/>\n<meta property=\"og:type\" content=\"article\" \/>\n<meta property=\"og:title\" content=\"General Dean Addresses Bi-Partisan Task Force Meeting Today on Capitol Hill | CADCA\" \/>\n<meta property=\"og:description\" content=\"CADCA\u2019s Chairman and CEO, Gen. Arthur T. Dean, addressed members of a Bi-Partisan Task Force to Combat the Heroin Epidemic\" \/>\n<meta property=\"og:url\" content=\"https:\/\/www.cadca.org\/pt\/resource\/general-dean-addresses-bi-partisan-task-force-meeting-today-on-capitol-hill\/\" \/>\n<meta property=\"og:site_name\" content=\"CADCA\" \/>\n<meta property=\"og:image\" content=\"https:\/\/www.cadca.org\/wp-content\/uploads\/2022\/03\/cadca-member-of-logo1.jpg\" \/>\n\t<meta property=\"og:image:width\" content=\"880\" \/>\n\t<meta property=\"og:image:height\" content=\"500\" \/>\n\t<meta property=\"og:image:type\" content=\"image\/jpeg\" \/>\n<meta name=\"twitter:card\" content=\"summary_large_image\" \/>\n<meta name=\"twitter:label1\" content=\"Tempo estimado de leitura\" \/>\n\t<meta name=\"twitter:data1\" content=\"1 minuto\" \/>\n<script type=\"application\/ld+json\" class=\"yoast-schema-graph\">{\"@context\":\"https:\\\/\\\/schema.org\",\"@graph\":[{\"@type\":\"WebPage\",\"@id\":\"https:\\\/\\\/www.cadca.org\\\/resource\\\/general-dean-addresses-bi-partisan-task-force-meeting-today-on-capitol-hill\\\/\",\"url\":\"https:\\\/\\\/www.cadca.org\\\/resource\\\/general-dean-addresses-bi-partisan-task-force-meeting-today-on-capitol-hill\\\/\",\"name\":\"General Dean Addresses Bi-Partisan Task Force Meeting Today on Capitol Hill | CADCA\",\"isPartOf\":{\"@id\":\"https:\\\/\\\/www.cadca.org\\\/#website\"},\"datePublished\":\"2016-05-12T00:00:00+00:00\",\"breadcrumb\":{\"@id\":\"https:\\\/\\\/www.cadca.org\\\/resource\\\/general-dean-addresses-bi-partisan-task-force-meeting-today-on-capitol-hill\\\/#breadcrumb\"},\"inLanguage\":\"pt-PT\",\"potentialAction\":[{\"@type\":\"ReadAction\",\"target\":[\"https:\\\/\\\/www.cadca.org\\\/resource\\\/general-dean-addresses-bi-partisan-task-force-meeting-today-on-capitol-hill\\\/\"]}]},{\"@type\":\"BreadcrumbList\",\"@id\":\"https:\\\/\\\/www.cadca.org\\\/resource\\\/general-dean-addresses-bi-partisan-task-force-meeting-today-on-capitol-hill\\\/#breadcrumb\",\"itemListElement\":[{\"@type\":\"ListItem\",\"position\":1,\"name\":\"Home\",\"item\":\"https:\\\/\\\/www.cadca.org\\\/\"},{\"@type\":\"ListItem\",\"position\":2,\"name\":\"General Dean Addresses Bi-Partisan Task Force Meeting Today on Capitol Hill\"}]},{\"@type\":\"WebSite\",\"@id\":\"https:\\\/\\\/www.cadca.org\\\/#website\",\"url\":\"https:\\\/\\\/www.cadca.org\\\/\",\"name\":\"CADCA\",\"description\":\"The Premier Prevention Association\",\"potentialAction\":[{\"@type\":\"SearchAction\",\"target\":{\"@type\":\"EntryPoint\",\"urlTemplate\":\"https:\\\/\\\/www.cadca.org\\\/?s={search_term_string}\"},\"query-input\":{\"@type\":\"PropertyValueSpecification\",\"valueRequired\":true,\"valueName\":\"search_term_string\"}}],\"inLanguage\":\"pt-PT\"}]}<\/script>\n<!-- \/ Yoast SEO plugin. -->","yoast_head_json":{"title":"General Dean Addresses Bi-Partisan Task Force Meeting Today on Capitol Hill | CADCA","robots":{"index":"index","follow":"follow","max-snippet":"max-snippet:-1","max-image-preview":"max-image-preview:large","max-video-preview":"max-video-preview:-1"},"canonical":"https:\/\/www.cadca.org\/pt\/resource\/general-dean-addresses-bi-partisan-task-force-meeting-today-on-capitol-hill\/","og_locale":"pt_PT","og_type":"article","og_title":"General Dean Addresses Bi-Partisan Task Force Meeting Today on Capitol Hill | CADCA","og_description":"CADCA\u2019s Chairman and CEO, Gen. Arthur T. Dean, addressed members of a Bi-Partisan Task Force to Combat the Heroin Epidemic","og_url":"https:\/\/www.cadca.org\/pt\/resource\/general-dean-addresses-bi-partisan-task-force-meeting-today-on-capitol-hill\/","og_site_name":"CADCA","og_image":[{"width":880,"height":500,"url":"https:\/\/www.cadca.org\/wp-content\/uploads\/2022\/03\/cadca-member-of-logo1.jpg","type":"image\/jpeg"}],"twitter_card":"summary_large_image","twitter_misc":{"Tempo estimado de leitura":"1 minuto"},"schema":{"@context":"https:\/\/schema.org","@graph":[{"@type":"WebPage","@id":"https:\/\/www.cadca.org\/resource\/general-dean-addresses-bi-partisan-task-force-meeting-today-on-capitol-hill\/","url":"https:\/\/www.cadca.org\/resource\/general-dean-addresses-bi-partisan-task-force-meeting-today-on-capitol-hill\/","name":"General Dean Addresses Bi-Partisan Task Force Meeting Today on Capitol Hill | CADCA","isPartOf":{"@id":"https:\/\/www.cadca.org\/#website"},"datePublished":"2016-05-12T00:00:00+00:00","breadcrumb":{"@id":"https:\/\/www.cadca.org\/resource\/general-dean-addresses-bi-partisan-task-force-meeting-today-on-capitol-hill\/#breadcrumb"},"inLanguage":"pt-PT","potentialAction":[{"@type":"ReadAction","target":["https:\/\/www.cadca.org\/resource\/general-dean-addresses-bi-partisan-task-force-meeting-today-on-capitol-hill\/"]}]},{"@type":"BreadcrumbList","@id":"https:\/\/www.cadca.org\/resource\/general-dean-addresses-bi-partisan-task-force-meeting-today-on-capitol-hill\/#breadcrumb","itemListElement":[{"@type":"ListItem","position":1,"name":"Home","item":"https:\/\/www.cadca.org\/"},{"@type":"ListItem","position":2,"name":"General Dean Addresses Bi-Partisan Task Force Meeting Today on Capitol Hill"}]},{"@type":"WebSite","@id":"https:\/\/www.cadca.org\/#website","url":"https:\/\/www.cadca.org\/","name":"CADCA","description":"The Premier Prevention Association","potentialAction":[{"@type":"SearchAction","target":{"@type":"EntryPoint","urlTemplate":"https:\/\/www.cadca.org\/?s={search_term_string}"},"query-input":{"@type":"PropertyValueSpecification","valueRequired":true,"valueName":"search_term_string"}}],"inLanguage":"pt-PT"}]}},"_links":{"self":[{"href":"https:\/\/www.cadca.org\/pt\/wp-json\/wp\/v2\/resource\/17519","targetHints":{"allow":["GET"]}}],"collection":[{"href":"https:\/\/www.cadca.org\/pt\/wp-json\/wp\/v2\/resource"}],"about":[{"href":"https:\/\/www.cadca.org\/pt\/wp-json\/wp\/v2\/types\/resource"}],"author":[{"embeddable":true,"href":"https:\/\/www.cadca.org\/pt\/wp-json\/wp\/v2\/users\/23"}],"version-history":[{"count":0,"href":"https:\/\/www.cadca.org\/pt\/wp-json\/wp\/v2\/resource\/17519\/revisions"}],"wp:attachment":[{"href":"https:\/\/www.cadca.org\/pt\/wp-json\/wp\/v2\/media?parent=17519"}],"wp:term":[{"taxonomy":"resource_type","embeddable":true,"href":"https:\/\/www.cadca.org\/pt\/wp-json\/wp\/v2\/resource_type?post=17519"},{"taxonomy":"drug_specific_issues","embeddable":true,"href":"https:\/\/www.cadca.org\/pt\/wp-json\/wp\/v2\/drug_specific_issues?post=17519"},{"taxonomy":"action_to_do","embeddable":true,"href":"https:\/\/www.cadca.org\/pt\/wp-json\/wp\/v2\/action_to_do?post=17519"}],"curies":[{"name":"wp","href":"https:\/\/api.w.org\/{rel}","templated":true}]}}

<p>CADCA’s Chairman and CEO, Gen. Arthur T. Dean, addressed members of a Bi-Partisan Task Force to Combat the Heroin Epidemic this morning on Capitol Hill.</p>
<p>With the House of Representatives passing 10 opioid bills this week and more votes scheduled for later today, CADCA wanted coalitions to read Gen. Dean’s statement from this morning’s bi-partisan task force meeting.</p>
<p>Here is an excerpt:</p>
<p>“As you all know, the senate-passed version of <a href="https://www.cadca.org/pt/cara/" target="_blank" rel="noopener">CARA</a>, inclui a prevenção e baseia-se no sucesso dos beneficiários da DFC. </p>
<p>O CADCA apoia todos os aspectos do CARA – desde mudanças no sistema de justiça criminal até a expansão da naloxona e do tratamento assistido por medicamentos.  </p>
<p>E a adição da prevenção é uma parte essencial de qualquer abordagem abrangente à nossa crise de opiáceos.</p>
<p>Portanto, estou encorajado com a votação hoje de uma emenda para tornar “programas de prevenção e recuperação” um uso permitido na medida doméstica de opioides, HR-5046.</p>
<p>Acredito que todos estamos conscientes de que esta crise não pode ser resolvida sem olharmos para cima e fazermos esse investimento sábio numa prevenção primária eficaz. </p>
<p>A CADCA deseja agradecer a todos aqueles que se juntam a nós nesta luta para salvar vidas e curar comunidades. </p>
<p>We join our 5,000 coalition partners across the U.S. to ask that any final, passed legislation to combat the opioid/heroin epidemic include the prevention provisions that we know are desperately needed.”</p>
<p>Watch CADCA’s website, social media and your email for CARA news as it develops. </p>
