{"id":17436,"date":"2016-08-11T00:00:00","date_gmt":"2016-08-11T00:00:00","guid":{"rendered":"https:\/\/cadca1stg.wpengine.com\/resource\/save-the-date-for-cadcas-national-leadership-forum\/"},"modified":"2016-08-11T00:00:00","modified_gmt":"2016-08-11T00:00:00","slug":"save-the-date-for-cadcas-national-leadership-forum","status":"publish","type":"resource","link":"https:\/\/www.cadca.org\/pt\/resource\/save-the-date-for-cadcas-national-leadership-forum\/","title":{"rendered":"Reserve a data para o F\u00f3rum Nacional de Lideran\u00e7a da CADCA"},"content":{"rendered":"<p>Continue \u201cEngenharia de comunidades saud\u00e1veis\u201d com a CADCA em nosso 27\u00ba F\u00f3rum Nacional de Lideran\u00e7a anual e no 13\u00ba Dia de Preven\u00e7\u00e3o da SAMHSA.<\/p>\n<p>Reserve a data para 6 a 9 de fevereiro de 2017 no Gaylord National Hotel and Convention Center na \u00e1rea de Washington, DC.<\/p>\n<p>O F\u00f3rum Nacional de Lideran\u00e7a da CADCA \u00e9 o principal evento de treinamento do pa\u00eds para profissionais e pesquisadores de preven\u00e7\u00e3o e tratamento do abuso de subst\u00e2ncias, com mais de 70 sess\u00f5es de treinamento para ajudar os participantes a aprender estrat\u00e9gias eficazes para lidar com problemas relacionados \u00e0s drogas em suas comunidades. Este evento de treinamento de quatro dias re\u00fane coaliz\u00f5es comunit\u00e1rias de preven\u00e7\u00e3o \u00e0s drogas de todas as regi\u00f5es do pa\u00eds e internacionalmente, l\u00edderes governamentais, jovens, especialistas em preven\u00e7\u00e3o, profissionais de tratamento de depend\u00eancias, defensores da recupera\u00e7\u00e3o de depend\u00eancias, pesquisadores, educadores, profissionais da lei e l\u00edderes religiosos . Os t\u00f3picos v\u00e3o desde como lidar com a epidemia de hero\u00edna e opioides e o uso de maconha entre os jovens at\u00e9 como reduzir o uso de tabaco e o consumo de \u00e1lcool por menores.<\/p>\n<p>\u201cO F\u00f3rum CADCA \u00e9 mais do que um evento de treinamento. \u00c9 um movimento nacional que re\u00fane funcion\u00e1rios federais e estaduais e l\u00edderes comunit\u00e1rios de todo o pa\u00eds para encontrar solu\u00e7\u00f5es para os problemas de abuso de subst\u00e2ncias em nosso pa\u00eds\u201d, disse o presidente e CEO da CADCA, general Arthur T. Dean. \u201cOs participantes deixam nosso F\u00f3rum com a inspira\u00e7\u00e3o, informa\u00e7\u00e3o e estrat\u00e9gias de que precisam para tornar suas comunidades seguras, saud\u00e1veis e livres de drogas.\u201d<\/p>\n<p>O F\u00f3rum apresenta dois dias de Power Sessions, que s\u00e3o oportunidades \u00fanicas para interagir com representantes federais. Durante o Capitol Hill Day, os participantes ouvir\u00e3o uma atualiza\u00e7\u00e3o legislativa da Consultora de Pol\u00edticas P\u00fablicas da CADCA, Sue Thau. V\u00e1rios membros do Congresso tamb\u00e9m participar\u00e3o.<\/p>\n<p>Quase 400 jovens tamb\u00e9m participar\u00e3o da reuni\u00e3o para fazer parte da Iniciativa Nacional de Lideran\u00e7a Juvenil (NYLI) da CADCA, onde os jovens aprender\u00e3o como se tornar defensores da preven\u00e7\u00e3o do abuso de subst\u00e2ncias e poderosos l\u00edderes comunit\u00e1rios.<\/p>\n<p>O alojamento e as inscri\u00e7\u00f5es antecipadas j\u00e1 est\u00e3o abertas.<\/p>\n<p>As chamadas para apresenta\u00e7\u00f5es e a Feira de Ideias da Coaliz\u00e3o est\u00e3o abertas com prazo at\u00e9 16 de setembro.<\/p>\n<p>Com poucos fundos? Bolsas de estudo para jovens e adultos est\u00e3o dispon\u00edveis e o \u00faltimo dia para se inscrever \u00e9 30 de setembro.<\/p>\n<p>Learn more and register. #CADCAForum<\/p>","protected":false},"excerpt":{"rendered":"<p>Continue \u201cEngineering Healthy Communities\u201d with CADCA at our 27th annual National Leadership Forum and SAMHSA\u2019s 13th Prevention Day. Save the<\/p>","protected":false},"author":23,"featured_media":0,"template":"","resource_type":[281],"drug_specific_issues":[],"action_to_do":[320],"class_list":["post-17436","resource","type-resource","status-publish","hentry","resource_type-coalitions-online","action_to_do-sustain-your-coalition"],"acf":[],"yoast_head":"<!-- This site is optimized with the Yoast SEO plugin v27.4 - https:\/\/yoast.com\/product\/yoast-seo-wordpress\/ -->\n<title>Save the Date for CADCA\u2019s National Leadership Forum | CADCA<\/title>\n<meta name=\"robots\" content=\"index, follow, max-snippet:-1, max-image-preview:large, max-video-preview:-1\" \/>\n<link rel=\"canonical\" href=\"https:\/\/www.cadca.org\/pt\/resource\/save-the-date-for-cadcas-national-leadership-forum\/\" \/>\n<meta property=\"og:locale\" content=\"pt_PT\" \/>\n<meta property=\"og:type\" content=\"article\" \/>\n<meta property=\"og:title\" content=\"Save the Date for CADCA\u2019s National Leadership Forum | CADCA\" \/>\n<meta property=\"og:description\" content=\"Continue \u201cEngineering Healthy Communities\u201d with CADCA at our 27th annual National Leadership Forum and SAMHSA\u2019s 13th Prevention Day. Save the\" \/>\n<meta property=\"og:url\" content=\"https:\/\/www.cadca.org\/pt\/resource\/save-the-date-for-cadcas-national-leadership-forum\/\" \/>\n<meta property=\"og:site_name\" content=\"CADCA\" \/>\n<meta property=\"og:image\" content=\"https:\/\/www.cadca.org\/wp-content\/uploads\/2022\/03\/cadca-member-of-logo1.jpg\" \/>\n\t<meta property=\"og:image:width\" content=\"880\" \/>\n\t<meta property=\"og:image:height\" content=\"500\" \/>\n\t<meta property=\"og:image:type\" content=\"image\/jpeg\" \/>\n<meta name=\"twitter:card\" content=\"summary_large_image\" \/>\n<meta name=\"twitter:label1\" content=\"Tempo estimado de leitura\" \/>\n\t<meta name=\"twitter:data1\" content=\"2 minutos\" \/>\n<script type=\"application\/ld+json\" class=\"yoast-schema-graph\">{\"@context\":\"https:\\\/\\\/schema.org\",\"@graph\":[{\"@type\":\"WebPage\",\"@id\":\"https:\\\/\\\/www.cadca.org\\\/resource\\\/save-the-date-for-cadcas-national-leadership-forum\\\/\",\"url\":\"https:\\\/\\\/www.cadca.org\\\/resource\\\/save-the-date-for-cadcas-national-leadership-forum\\\/\",\"name\":\"Save the Date for CADCA\u2019s National Leadership Forum | CADCA\",\"isPartOf\":{\"@id\":\"https:\\\/\\\/www.cadca.org\\\/#website\"},\"datePublished\":\"2016-08-11T00:00:00+00:00\",\"breadcrumb\":{\"@id\":\"https:\\\/\\\/www.cadca.org\\\/resource\\\/save-the-date-for-cadcas-national-leadership-forum\\\/#breadcrumb\"},\"inLanguage\":\"pt-PT\",\"potentialAction\":[{\"@type\":\"ReadAction\",\"target\":[\"https:\\\/\\\/www.cadca.org\\\/resource\\\/save-the-date-for-cadcas-national-leadership-forum\\\/\"]}]},{\"@type\":\"BreadcrumbList\",\"@id\":\"https:\\\/\\\/www.cadca.org\\\/resource\\\/save-the-date-for-cadcas-national-leadership-forum\\\/#breadcrumb\",\"itemListElement\":[{\"@type\":\"ListItem\",\"position\":1,\"name\":\"Home\",\"item\":\"https:\\\/\\\/www.cadca.org\\\/\"},{\"@type\":\"ListItem\",\"position\":2,\"name\":\"Save the Date for CADCA\u2019s National Leadership Forum\"}]},{\"@type\":\"WebSite\",\"@id\":\"https:\\\/\\\/www.cadca.org\\\/#website\",\"url\":\"https:\\\/\\\/www.cadca.org\\\/\",\"name\":\"CADCA\",\"description\":\"The Premier Prevention Association\",\"potentialAction\":[{\"@type\":\"SearchAction\",\"target\":{\"@type\":\"EntryPoint\",\"urlTemplate\":\"https:\\\/\\\/www.cadca.org\\\/?s={search_term_string}\"},\"query-input\":{\"@type\":\"PropertyValueSpecification\",\"valueRequired\":true,\"valueName\":\"search_term_string\"}}],\"inLanguage\":\"pt-PT\"}]}<\/script>\n<!-- \/ Yoast SEO plugin. -->","yoast_head_json":{"title":"Save the Date for CADCA\u2019s National Leadership Forum | CADCA","robots":{"index":"index","follow":"follow","max-snippet":"max-snippet:-1","max-image-preview":"max-image-preview:large","max-video-preview":"max-video-preview:-1"},"canonical":"https:\/\/www.cadca.org\/pt\/resource\/save-the-date-for-cadcas-national-leadership-forum\/","og_locale":"pt_PT","og_type":"article","og_title":"Save the Date for CADCA\u2019s National Leadership Forum | CADCA","og_description":"Continue \u201cEngineering Healthy Communities\u201d with CADCA at our 27th annual National Leadership Forum and SAMHSA\u2019s 13th Prevention Day. Save the","og_url":"https:\/\/www.cadca.org\/pt\/resource\/save-the-date-for-cadcas-national-leadership-forum\/","og_site_name":"CADCA","og_image":[{"width":880,"height":500,"url":"https:\/\/www.cadca.org\/wp-content\/uploads\/2022\/03\/cadca-member-of-logo1.jpg","type":"image\/jpeg"}],"twitter_card":"summary_large_image","twitter_misc":{"Tempo estimado de leitura":"2 minutos"},"schema":{"@context":"https:\/\/schema.org","@graph":[{"@type":"WebPage","@id":"https:\/\/www.cadca.org\/resource\/save-the-date-for-cadcas-national-leadership-forum\/","url":"https:\/\/www.cadca.org\/resource\/save-the-date-for-cadcas-national-leadership-forum\/","name":"Save the Date for CADCA\u2019s National Leadership Forum | CADCA","isPartOf":{"@id":"https:\/\/www.cadca.org\/#website"},"datePublished":"2016-08-11T00:00:00+00:00","breadcrumb":{"@id":"https:\/\/www.cadca.org\/resource\/save-the-date-for-cadcas-national-leadership-forum\/#breadcrumb"},"inLanguage":"pt-PT","potentialAction":[{"@type":"ReadAction","target":["https:\/\/www.cadca.org\/resource\/save-the-date-for-cadcas-national-leadership-forum\/"]}]},{"@type":"BreadcrumbList","@id":"https:\/\/www.cadca.org\/resource\/save-the-date-for-cadcas-national-leadership-forum\/#breadcrumb","itemListElement":[{"@type":"ListItem","position":1,"name":"Home","item":"https:\/\/www.cadca.org\/"},{"@type":"ListItem","position":2,"name":"Save the Date for CADCA\u2019s National Leadership Forum"}]},{"@type":"WebSite","@id":"https:\/\/www.cadca.org\/#website","url":"https:\/\/www.cadca.org\/","name":"CADCA","description":"The Premier Prevention Association","potentialAction":[{"@type":"SearchAction","target":{"@type":"EntryPoint","urlTemplate":"https:\/\/www.cadca.org\/?s={search_term_string}"},"query-input":{"@type":"PropertyValueSpecification","valueRequired":true,"valueName":"search_term_string"}}],"inLanguage":"pt-PT"}]}},"_links":{"self":[{"href":"https:\/\/www.cadca.org\/pt\/wp-json\/wp\/v2\/resource\/17436","targetHints":{"allow":["GET"]}}],"collection":[{"href":"https:\/\/www.cadca.org\/pt\/wp-json\/wp\/v2\/resource"}],"about":[{"href":"https:\/\/www.cadca.org\/pt\/wp-json\/wp\/v2\/types\/resource"}],"author":[{"embeddable":true,"href":"https:\/\/www.cadca.org\/pt\/wp-json\/wp\/v2\/users\/23"}],"version-history":[{"count":0,"href":"https:\/\/www.cadca.org\/pt\/wp-json\/wp\/v2\/resource\/17436\/revisions"}],"wp:attachment":[{"href":"https:\/\/www.cadca.org\/pt\/wp-json\/wp\/v2\/media?parent=17436"}],"wp:term":[{"taxonomy":"resource_type","embeddable":true,"href":"https:\/\/www.cadca.org\/pt\/wp-json\/wp\/v2\/resource_type?post=17436"},{"taxonomy":"drug_specific_issues","embeddable":true,"href":"https:\/\/www.cadca.org\/pt\/wp-json\/wp\/v2\/drug_specific_issues?post=17436"},{"taxonomy":"action_to_do","embeddable":true,"href":"https:\/\/www.cadca.org\/pt\/wp-json\/wp\/v2\/action_to_do?post=17436"}],"curies":[{"name":"wp","href":"https:\/\/api.w.org\/{rel}","templated":true}]}}

Reserve a data para o Fórum Nacional de Liderança da CADCA

<p>Continue “Engenharia de comunidades saudáveis” com a CADCA em nosso 27º Fórum Nacional de Liderança anual e no 13º Dia de Prevenção da SAMHSA.</p>
<p>Reserve a data para 6 a 9 de fevereiro de 2017 no Gaylord National Hotel and Convention Center na área de Washington, DC.</p>
<p>O Fórum Nacional de Liderança da CADCA é o principal evento de treinamento do país para profissionais e pesquisadores de prevenção e tratamento do abuso de substâncias, com mais de 70 sessões de treinamento para ajudar os participantes a aprender estratégias eficazes para lidar com problemas relacionados às drogas em suas comunidades. Este evento de treinamento de quatro dias reúne coalizões comunitárias de prevenção às drogas de todas as regiões do país e internacionalmente, líderes governamentais, jovens, especialistas em prevenção, profissionais de tratamento de dependências, defensores da recuperação de dependências, pesquisadores, educadores, profissionais da lei e líderes religiosos . Os tópicos vão desde como lidar com a epidemia de heroína e opioides e o uso de maconha entre os jovens até como reduzir o uso de tabaco e o consumo de álcool por menores.</p>
<p>“O Fórum CADCA é mais do que um evento de treinamento. É um movimento nacional que reúne funcionários federais e estaduais e líderes comunitários de todo o país para encontrar soluções para os problemas de abuso de substâncias em nosso país”, disse o presidente e CEO da CADCA, general Arthur T. Dean. “Os participantes deixam nosso Fórum com a inspiração, informação e estratégias de que precisam para tornar suas comunidades seguras, saudáveis e livres de drogas.”</p>
<p>O Fórum apresenta dois dias de Power Sessions, que são oportunidades únicas para interagir com representantes federais. Durante o Capitol Hill Day, os participantes ouvirão uma atualização legislativa da Consultora de Políticas Públicas da CADCA, Sue Thau. Vários membros do Congresso também participarão.</p>
<p>Quase 400 jovens também participarão da reunião para fazer parte da Iniciativa Nacional de Liderança Juvenil (NYLI) da CADCA, onde os jovens aprenderão como se tornar defensores da prevenção do abuso de substâncias e poderosos líderes comunitários.</p>
<p>O alojamento e as inscrições antecipadas já estão abertas.</p>
<p>As chamadas para apresentações e a Feira de Ideias da Coalizão estão abertas com prazo até 16 de setembro.</p>
<p>Com poucos fundos? Bolsas de estudo para jovens e adultos estão disponíveis e o último dia para se inscrever é 30 de setembro.</p>
<p>Learn more and register. #CADCAForum</p>
