{"id":17623,"date":"2016-01-21T00:00:00","date_gmt":"2016-01-21T00:00:00","guid":{"rendered":"https:\/\/cadca1stg.wpengine.com\/resource\/one-more-week-to-register-for-cadcas-national-leadership-forum\/"},"modified":"2016-01-21T00:00:00","modified_gmt":"2016-01-21T00:00:00","slug":"one-more-week-to-register-for-cadcas-national-leadership-forum","status":"publish","type":"resource","link":"https:\/\/www.cadca.org\/fr\/resource\/one-more-week-to-register-for-cadcas-national-leadership-forum\/","title":{"rendered":"One More Week to Register for CADCA\u2019s National Leadership Forum"},"content":{"rendered":"<p>Participez au Forum national sur le leadership de CADCA du 1er au 4 f\u00e9vrier dans la r\u00e9gion de Washington, DC et obtenez des id\u00e9es, des informations et de l&#039;inspiration \u00e0 rapporter \u00e0 votre communaut\u00e9 et \u00e0 avoir un \u00ab impact monumental \u00bb. Vous avez encore le temps de vous inscrire \u00e0 l\u2019\u00e9v\u00e9nement de formation majeur destin\u00e9 aux leaders communautaires de la pr\u00e9vention de la toxicomanie.<\/p>\n<p>La semaine d\u00e9butera avec la 12e \u00e9dition de la Substance Abuse and Mental Health Services Administration.<sup>e\u00a0<\/sup>Journ\u00e9e annuelle de pr\u00e9vention, au cours de laquelle le chirurgien g\u00e9n\u00e9ral, le Dr Vivek Murthy, prononcera un discours.<\/p>\n<p>CADCA\u2019s Forum has more than 70 training sessions to address all aspects of prevention for three days, and then the week concludes with a Drug-Free Communities Support Program New Applicant Workshop\u00a0(separate registration required).<\/p>\n<p>CADCA\u2019s Forum will be held at the <a href=\"https:\/\/www.marriott.com\/hotels\/travel\/wasgn-gaylord-national-resort-and-convention-center\/\" target=\"_blank\" rel=\"noopener\">Gaylord National Resort and Convention Center<\/a> just outside of Washington, D.C.<\/p>\n<p>And don\u2019t forget to join the conversation about our Forum on social media using hashtag #CADCAForum. You can even Tweet questions for the keynote speakers via Twitter during CADCA\u2019s National Leadership Plenary on Tuesday, Feb. 2.<\/p>\n<p>\u00a0<\/p>","protected":false},"excerpt":{"rendered":"<p>Attend CADCA&#8217;s National Leadership Forum from Feb. 1-4 in the Washington, D.C., area and gain insights, information, and inspiration to<\/p>","protected":false},"author":23,"featured_media":0,"template":"","resource_type":[281],"drug_specific_issues":[],"action_to_do":[],"class_list":["post-17623","resource","type-resource","status-publish","hentry","resource_type-coalitions-online"],"acf":[],"yoast_head":"<!-- This site is optimized with the Yoast SEO plugin v27.4 - https:\/\/yoast.com\/product\/yoast-seo-wordpress\/ -->\n<title>One More Week to Register for CADCA\u2019s National Leadership Forum | CADCA<\/title>\n<meta name=\"robots\" content=\"index, follow, max-snippet:-1, max-image-preview:large, max-video-preview:-1\" \/>\n<link rel=\"canonical\" href=\"https:\/\/www.cadca.org\/fr\/resource\/one-more-week-to-register-for-cadcas-national-leadership-forum\/\" \/>\n<meta property=\"og:locale\" content=\"fr_FR\" \/>\n<meta property=\"og:type\" content=\"article\" \/>\n<meta property=\"og:title\" content=\"One More Week to Register for CADCA\u2019s National Leadership Forum | CADCA\" \/>\n<meta property=\"og:description\" content=\"Attend CADCA&#8217;s National Leadership Forum from Feb. 1-4 in the Washington, D.C., area and gain insights, information, and inspiration to\" \/>\n<meta property=\"og:url\" content=\"https:\/\/www.cadca.org\/fr\/resource\/one-more-week-to-register-for-cadcas-national-leadership-forum\/\" \/>\n<meta property=\"og:site_name\" content=\"CADCA\" \/>\n<meta property=\"og:image\" content=\"https:\/\/www.cadca.org\/wp-content\/uploads\/2022\/03\/cadca-member-of-logo1.jpg\" \/>\n\t<meta property=\"og:image:width\" content=\"880\" \/>\n\t<meta property=\"og:image:height\" content=\"500\" \/>\n\t<meta property=\"og:image:type\" content=\"image\/jpeg\" \/>\n<meta name=\"twitter:card\" content=\"summary_large_image\" \/>\n<meta name=\"twitter:label1\" content=\"Dur\u00e9e de lecture estim\u00e9e\" \/>\n\t<meta name=\"twitter:data1\" content=\"1 minute\" \/>\n<script type=\"application\/ld+json\" class=\"yoast-schema-graph\">{\"@context\":\"https:\\\/\\\/schema.org\",\"@graph\":[{\"@type\":\"WebPage\",\"@id\":\"https:\\\/\\\/www.cadca.org\\\/resource\\\/one-more-week-to-register-for-cadcas-national-leadership-forum\\\/\",\"url\":\"https:\\\/\\\/www.cadca.org\\\/resource\\\/one-more-week-to-register-for-cadcas-national-leadership-forum\\\/\",\"name\":\"One More Week to Register for CADCA\u2019s National Leadership Forum | CADCA\",\"isPartOf\":{\"@id\":\"https:\\\/\\\/www.cadca.org\\\/#website\"},\"datePublished\":\"2016-01-21T00:00:00+00:00\",\"breadcrumb\":{\"@id\":\"https:\\\/\\\/www.cadca.org\\\/resource\\\/one-more-week-to-register-for-cadcas-national-leadership-forum\\\/#breadcrumb\"},\"inLanguage\":\"fr-FR\",\"potentialAction\":[{\"@type\":\"ReadAction\",\"target\":[\"https:\\\/\\\/www.cadca.org\\\/resource\\\/one-more-week-to-register-for-cadcas-national-leadership-forum\\\/\"]}]},{\"@type\":\"BreadcrumbList\",\"@id\":\"https:\\\/\\\/www.cadca.org\\\/resource\\\/one-more-week-to-register-for-cadcas-national-leadership-forum\\\/#breadcrumb\",\"itemListElement\":[{\"@type\":\"ListItem\",\"position\":1,\"name\":\"Home\",\"item\":\"https:\\\/\\\/www.cadca.org\\\/\"},{\"@type\":\"ListItem\",\"position\":2,\"name\":\"One More Week to Register for CADCA\u2019s National Leadership Forum\"}]},{\"@type\":\"WebSite\",\"@id\":\"https:\\\/\\\/www.cadca.org\\\/#website\",\"url\":\"https:\\\/\\\/www.cadca.org\\\/\",\"name\":\"CADCA\",\"description\":\"The Premier Prevention Association\",\"potentialAction\":[{\"@type\":\"SearchAction\",\"target\":{\"@type\":\"EntryPoint\",\"urlTemplate\":\"https:\\\/\\\/www.cadca.org\\\/?s={search_term_string}\"},\"query-input\":{\"@type\":\"PropertyValueSpecification\",\"valueRequired\":true,\"valueName\":\"search_term_string\"}}],\"inLanguage\":\"fr-FR\"}]}<\/script>\n<!-- \/ Yoast SEO plugin. -->","yoast_head_json":{"title":"One More Week to Register for CADCA\u2019s National Leadership Forum | CADCA","robots":{"index":"index","follow":"follow","max-snippet":"max-snippet:-1","max-image-preview":"max-image-preview:large","max-video-preview":"max-video-preview:-1"},"canonical":"https:\/\/www.cadca.org\/fr\/resource\/one-more-week-to-register-for-cadcas-national-leadership-forum\/","og_locale":"fr_FR","og_type":"article","og_title":"One More Week to Register for CADCA\u2019s National Leadership Forum | CADCA","og_description":"Attend CADCA&#8217;s National Leadership Forum from Feb. 1-4 in the Washington, D.C., area and gain insights, information, and inspiration to","og_url":"https:\/\/www.cadca.org\/fr\/resource\/one-more-week-to-register-for-cadcas-national-leadership-forum\/","og_site_name":"CADCA","og_image":[{"width":880,"height":500,"url":"https:\/\/www.cadca.org\/wp-content\/uploads\/2022\/03\/cadca-member-of-logo1.jpg","type":"image\/jpeg"}],"twitter_card":"summary_large_image","twitter_misc":{"Dur\u00e9e de lecture estim\u00e9e":"1 minute"},"schema":{"@context":"https:\/\/schema.org","@graph":[{"@type":"WebPage","@id":"https:\/\/www.cadca.org\/resource\/one-more-week-to-register-for-cadcas-national-leadership-forum\/","url":"https:\/\/www.cadca.org\/resource\/one-more-week-to-register-for-cadcas-national-leadership-forum\/","name":"One More Week to Register for CADCA\u2019s National Leadership Forum | CADCA","isPartOf":{"@id":"https:\/\/www.cadca.org\/#website"},"datePublished":"2016-01-21T00:00:00+00:00","breadcrumb":{"@id":"https:\/\/www.cadca.org\/resource\/one-more-week-to-register-for-cadcas-national-leadership-forum\/#breadcrumb"},"inLanguage":"fr-FR","potentialAction":[{"@type":"ReadAction","target":["https:\/\/www.cadca.org\/resource\/one-more-week-to-register-for-cadcas-national-leadership-forum\/"]}]},{"@type":"BreadcrumbList","@id":"https:\/\/www.cadca.org\/resource\/one-more-week-to-register-for-cadcas-national-leadership-forum\/#breadcrumb","itemListElement":[{"@type":"ListItem","position":1,"name":"Home","item":"https:\/\/www.cadca.org\/"},{"@type":"ListItem","position":2,"name":"One More Week to Register for CADCA\u2019s National Leadership Forum"}]},{"@type":"WebSite","@id":"https:\/\/www.cadca.org\/#website","url":"https:\/\/www.cadca.org\/","name":"CADCA","description":"The Premier Prevention Association","potentialAction":[{"@type":"SearchAction","target":{"@type":"EntryPoint","urlTemplate":"https:\/\/www.cadca.org\/?s={search_term_string}"},"query-input":{"@type":"PropertyValueSpecification","valueRequired":true,"valueName":"search_term_string"}}],"inLanguage":"fr-FR"}]}},"_links":{"self":[{"href":"https:\/\/www.cadca.org\/fr\/wp-json\/wp\/v2\/resource\/17623","targetHints":{"allow":["GET"]}}],"collection":[{"href":"https:\/\/www.cadca.org\/fr\/wp-json\/wp\/v2\/resource"}],"about":[{"href":"https:\/\/www.cadca.org\/fr\/wp-json\/wp\/v2\/types\/resource"}],"author":[{"embeddable":true,"href":"https:\/\/www.cadca.org\/fr\/wp-json\/wp\/v2\/users\/23"}],"version-history":[{"count":0,"href":"https:\/\/www.cadca.org\/fr\/wp-json\/wp\/v2\/resource\/17623\/revisions"}],"wp:attachment":[{"href":"https:\/\/www.cadca.org\/fr\/wp-json\/wp\/v2\/media?parent=17623"}],"wp:term":[{"taxonomy":"resource_type","embeddable":true,"href":"https:\/\/www.cadca.org\/fr\/wp-json\/wp\/v2\/resource_type?post=17623"},{"taxonomy":"drug_specific_issues","embeddable":true,"href":"https:\/\/www.cadca.org\/fr\/wp-json\/wp\/v2\/drug_specific_issues?post=17623"},{"taxonomy":"action_to_do","embeddable":true,"href":"https:\/\/www.cadca.org\/fr\/wp-json\/wp\/v2\/action_to_do?post=17623"}],"curies":[{"name":"wp","href":"https:\/\/api.w.org\/{rel}","templated":true}]}}

<p>Participez au Forum national sur le leadership de CADCA du 1er au 4 février dans la région de Washington, DC et obtenez des idées, des informations et de l&#039;inspiration à rapporter à votre communauté et à avoir un « impact monumental ». Vous avez encore le temps de vous inscrire à l’événement de formation majeur destiné aux leaders communautaires de la prévention de la toxicomanie.</p>
<p>La semaine débutera avec la 12e édition de la Substance Abuse and Mental Health Services Administration.<sup>e </sup>Journée annuelle de prévention, au cours de laquelle le chirurgien général, le Dr Vivek Murthy, prononcera un discours.</p>
<p>CADCA’s Forum has more than 70 training sessions to address all aspects of prevention for three days, and then the week concludes with a Drug-Free Communities Support Program New Applicant Workshop (separate registration required).</p>
<p>CADCA’s Forum will be held at the <a href="https://www.marriott.com/hotels/travel/wasgn-gaylord-national-resort-and-convention-center/" target="_blank" rel="noopener">Gaylord National Resort and Convention Center</a> just outside of Washington, D.C.</p>
<p>And don’t forget to join the conversation about our Forum on social media using hashtag #CADCAForum. You can even Tweet questions for the keynote speakers via Twitter during CADCA’s National Leadership Plenary on Tuesday, Feb. 2.</p>
<p> </p>

<!-- This site is optimized with the Yoast SEO plugin v27.4 - https://yoast.com/product/yoast-seo-wordpress/ -->
<title>One More Week to Register for CADCA’s National Leadership Forum | CADCA</title>
<meta name="robots" content="index, follow, max-snippet:-1, max-image-preview:large, max-video-preview:-1" />
<link rel="canonical" href="https://www.cadca.org/fr/resource/one-more-week-to-register-for-cadcas-national-leadership-forum/" />
<meta property="og:locale" content="fr_FR" />
<meta property="og:type" content="article" />
<meta property="og:title" content="One More Week to Register for CADCA’s National Leadership Forum | CADCA" />
<meta property="og:description" content="Attend CADCA&#8217;s National Leadership Forum from Feb. 1-4 in the Washington, D.C., area and gain insights, information, and inspiration to" />
<meta property="og:url" content="https://www.cadca.org/fr/resource/one-more-week-to-register-for-cadcas-national-leadership-forum/" />
<meta property="og:site_name" content="CADCA" />
<meta property="og:image" content="https://www.cadca.org/wp-content/uploads/2022/03/cadca-member-of-logo1.jpg" />
	<meta property="og:image:width" content="880" />
	<meta property="og:image:height" content="500" />
	<meta property="og:image:type" content="image/jpeg" />
<meta name="twitter:card" content="summary_large_image" />
<meta name="twitter:label1" content="Durée de lecture estimée" />
	<meta name="twitter:data1" content="1 minute" />
<script type="application/ld+json" class="yoast-schema-graph">{"@context":"https:\/\/schema.org","@graph":[{"@type":"WebPage","@id":"https:\/\/www.cadca.org\/resource\/one-more-week-to-register-for-cadcas-national-leadership-forum\/","url":"https:\/\/www.cadca.org\/resource\/one-more-week-to-register-for-cadcas-national-leadership-forum\/","name":"One More Week to Register for CADCA’s National Leadership Forum | CADCA","isPartOf":{"@id":"https:\/\/www.cadca.org\/#website"},"datePublished":"2016-01-21T00:00:00+00:00","breadcrumb":{"@id":"https:\/\/www.cadca.org\/resource\/one-more-week-to-register-for-cadcas-national-leadership-forum\/#breadcrumb"},"inLanguage":"fr-FR","potentialAction":[{"@type":"ReadAction","target":["https:\/\/www.cadca.org\/resource\/one-more-week-to-register-for-cadcas-national-leadership-forum\/"]}]},{"@type":"BreadcrumbList","@id":"https:\/\/www.cadca.org\/resource\/one-more-week-to-register-for-cadcas-national-leadership-forum\/#breadcrumb","itemListElement":[{"@type":"ListItem","position":1,"name":"Home","item":"https:\/\/www.cadca.org\/"},{"@type":"ListItem","position":2,"name":"One More Week to Register for CADCA’s National Leadership Forum"}]},{"@type":"WebSite","@id":"https:\/\/www.cadca.org\/#website","url":"https:\/\/www.cadca.org\/","name":"CADCA","description":"The Premier Prevention Association","potentialAction":[{"@type":"SearchAction","target":{"@type":"EntryPoint","urlTemplate":"https:\/\/www.cadca.org\/?s={search_term_string}"},"query-input":{"@type":"PropertyValueSpecification","valueRequired":true,"valueName":"search_term_string"}}],"inLanguage":"fr-FR"}]}</script>
<!-- / Yoast SEO plugin. -->
