{"id":17519,"date":"2016-05-12T00:00:00","date_gmt":"2016-05-12T00:00:00","guid":{"rendered":"https:\/\/cadca1stg.wpengine.com\/resource\/general-dean-addresses-bi-partisan-task-force-meeting-today-on-capitol-hill\/"},"modified":"2016-05-12T00:00:00","modified_gmt":"2016-05-12T00:00:00","slug":"general-dean-addresses-bi-partisan-task-force-meeting-today-on-capitol-hill","status":"publish","type":"resource","link":"https:\/\/www.cadca.org\/fr\/resource\/general-dean-addresses-bi-partisan-task-force-meeting-today-on-capitol-hill\/","title":{"rendered":"General Dean Addresses Bi-Partisan Task Force Meeting Today on Capitol Hill"},"content":{"rendered":"<p>CADCA\u2019s Chairman and CEO, Gen. Arthur T. Dean, addressed members of a Bi-Partisan Task Force to Combat the Heroin Epidemic this morning on Capitol Hill.<\/p>\n<p>With the House\u00a0of Representatives passing 10 opioid bills this week and more votes scheduled for later today, CADCA wanted coalitions to read Gen. Dean\u2019s statement from this morning\u2019s bi-partisan task force meeting.<\/p>\n<p>Here is an excerpt:<\/p>\n<p>\u201cAs you all know, the senate-passed version of\u00a0<a href=\"https:\/\/www.cadca.org\/fr\/cara\/\" target=\"_blank\" rel=\"noopener\">CARA<\/a>, inclut la pr\u00e9vention et s\u2019appuie sur le succ\u00e8s des b\u00e9n\u00e9ficiaires des subventions des PLC.\u00a0<\/p>\n<p>CADCA soutient tous les aspects du CARA \u2013 des changements dans le syst\u00e8me de justice p\u00e9nale \u00e0 l\u2019expansion du traitement assist\u00e9 par la naloxone et les m\u00e9dicaments.\u00a0\u00a0<\/p>\n<p>Et l\u2019ajout de la pr\u00e9vention est un \u00e9l\u00e9ment essentiel de toute approche globale face \u00e0 notre crise des opio\u00efdes.<\/p>\n<p>Par cons\u00e9quent, je suis encourag\u00e9 qu\u2019un vote ait lieu aujourd\u2019hui sur un amendement visant \u00e0 faire des \u00ab programmes de pr\u00e9vention et de r\u00e9tablissement \u00bb une utilisation autoris\u00e9e dans la mesure des opio\u00efdes \u00e0 la maison, HR-5046.<\/p>\n<p>Je pense que nous sommes tous conscients que cette crise ne peut \u00eatre r\u00e9solue sans regarder en amont et sans investir judicieusement dans une pr\u00e9vention primaire efficace.\u00a0<\/p>\n<p>CADCA souhaite remercier tous ceux qui se joignent \u00e0 nous dans ce combat pour sauver des vies et gu\u00e9rir les communaut\u00e9s.\u00a0<\/p>\n<p>We join our 5,000 coalition partners across the U.S. to ask that any final, passed legislation to combat the opioid\/heroin epidemic include the prevention provisions that we know are desperately needed.\u201d<\/p>\n<p>Watch CADCA\u2019s website, social media and your email for CARA news as it develops.\u00a0<\/p>","protected":false},"excerpt":{"rendered":"<p>CADCA\u2019s Chairman and CEO, Gen. Arthur T. Dean, addressed members of a Bi-Partisan Task Force to Combat the Heroin Epidemic<\/p>","protected":false},"author":23,"featured_media":0,"template":"","resource_type":[281],"drug_specific_issues":[312,307],"action_to_do":[297],"class_list":["post-17519","resource","type-resource","status-publish","hentry","resource_type-coalitions-online","drug_specific_issues-heroin","drug_specific_issues-prescription-and-over-the-counter-medications","action_to_do-advocate-for-change"],"acf":[],"yoast_head":"<!-- This site is optimized with the Yoast SEO plugin v27.4 - https:\/\/yoast.com\/product\/yoast-seo-wordpress\/ -->\n<title>General Dean Addresses Bi-Partisan Task Force Meeting Today on Capitol Hill | CADCA<\/title>\n<meta name=\"robots\" content=\"index, follow, max-snippet:-1, max-image-preview:large, max-video-preview:-1\" \/>\n<link rel=\"canonical\" href=\"https:\/\/www.cadca.org\/fr\/resource\/general-dean-addresses-bi-partisan-task-force-meeting-today-on-capitol-hill\/\" \/>\n<meta property=\"og:locale\" content=\"fr_FR\" \/>\n<meta property=\"og:type\" content=\"article\" \/>\n<meta property=\"og:title\" content=\"General Dean Addresses Bi-Partisan Task Force Meeting Today on Capitol Hill | CADCA\" \/>\n<meta property=\"og:description\" content=\"CADCA\u2019s Chairman and CEO, Gen. Arthur T. Dean, addressed members of a Bi-Partisan Task Force to Combat the Heroin Epidemic\" \/>\n<meta property=\"og:url\" content=\"https:\/\/www.cadca.org\/fr\/resource\/general-dean-addresses-bi-partisan-task-force-meeting-today-on-capitol-hill\/\" \/>\n<meta property=\"og:site_name\" content=\"CADCA\" \/>\n<meta property=\"og:image\" content=\"https:\/\/www.cadca.org\/wp-content\/uploads\/2022\/03\/cadca-member-of-logo1.jpg\" \/>\n\t<meta property=\"og:image:width\" content=\"880\" \/>\n\t<meta property=\"og:image:height\" content=\"500\" \/>\n\t<meta property=\"og:image:type\" content=\"image\/jpeg\" \/>\n<meta name=\"twitter:card\" content=\"summary_large_image\" \/>\n<meta name=\"twitter:label1\" content=\"Dur\u00e9e de lecture estim\u00e9e\" \/>\n\t<meta name=\"twitter:data1\" content=\"1 minute\" \/>\n<script type=\"application\/ld+json\" class=\"yoast-schema-graph\">{\"@context\":\"https:\\\/\\\/schema.org\",\"@graph\":[{\"@type\":\"WebPage\",\"@id\":\"https:\\\/\\\/www.cadca.org\\\/resource\\\/general-dean-addresses-bi-partisan-task-force-meeting-today-on-capitol-hill\\\/\",\"url\":\"https:\\\/\\\/www.cadca.org\\\/resource\\\/general-dean-addresses-bi-partisan-task-force-meeting-today-on-capitol-hill\\\/\",\"name\":\"General Dean Addresses Bi-Partisan Task Force Meeting Today on Capitol Hill | CADCA\",\"isPartOf\":{\"@id\":\"https:\\\/\\\/www.cadca.org\\\/#website\"},\"datePublished\":\"2016-05-12T00:00:00+00:00\",\"breadcrumb\":{\"@id\":\"https:\\\/\\\/www.cadca.org\\\/resource\\\/general-dean-addresses-bi-partisan-task-force-meeting-today-on-capitol-hill\\\/#breadcrumb\"},\"inLanguage\":\"fr-FR\",\"potentialAction\":[{\"@type\":\"ReadAction\",\"target\":[\"https:\\\/\\\/www.cadca.org\\\/resource\\\/general-dean-addresses-bi-partisan-task-force-meeting-today-on-capitol-hill\\\/\"]}]},{\"@type\":\"BreadcrumbList\",\"@id\":\"https:\\\/\\\/www.cadca.org\\\/resource\\\/general-dean-addresses-bi-partisan-task-force-meeting-today-on-capitol-hill\\\/#breadcrumb\",\"itemListElement\":[{\"@type\":\"ListItem\",\"position\":1,\"name\":\"Home\",\"item\":\"https:\\\/\\\/www.cadca.org\\\/\"},{\"@type\":\"ListItem\",\"position\":2,\"name\":\"General Dean Addresses Bi-Partisan Task Force Meeting Today on Capitol Hill\"}]},{\"@type\":\"WebSite\",\"@id\":\"https:\\\/\\\/www.cadca.org\\\/#website\",\"url\":\"https:\\\/\\\/www.cadca.org\\\/\",\"name\":\"CADCA\",\"description\":\"The Premier Prevention Association\",\"potentialAction\":[{\"@type\":\"SearchAction\",\"target\":{\"@type\":\"EntryPoint\",\"urlTemplate\":\"https:\\\/\\\/www.cadca.org\\\/?s={search_term_string}\"},\"query-input\":{\"@type\":\"PropertyValueSpecification\",\"valueRequired\":true,\"valueName\":\"search_term_string\"}}],\"inLanguage\":\"fr-FR\"}]}<\/script>\n<!-- \/ Yoast SEO plugin. -->","yoast_head_json":{"title":"General Dean Addresses Bi-Partisan Task Force Meeting Today on Capitol Hill | CADCA","robots":{"index":"index","follow":"follow","max-snippet":"max-snippet:-1","max-image-preview":"max-image-preview:large","max-video-preview":"max-video-preview:-1"},"canonical":"https:\/\/www.cadca.org\/fr\/resource\/general-dean-addresses-bi-partisan-task-force-meeting-today-on-capitol-hill\/","og_locale":"fr_FR","og_type":"article","og_title":"General Dean Addresses Bi-Partisan Task Force Meeting Today on Capitol Hill | CADCA","og_description":"CADCA\u2019s Chairman and CEO, Gen. Arthur T. Dean, addressed members of a Bi-Partisan Task Force to Combat the Heroin Epidemic","og_url":"https:\/\/www.cadca.org\/fr\/resource\/general-dean-addresses-bi-partisan-task-force-meeting-today-on-capitol-hill\/","og_site_name":"CADCA","og_image":[{"width":880,"height":500,"url":"https:\/\/www.cadca.org\/wp-content\/uploads\/2022\/03\/cadca-member-of-logo1.jpg","type":"image\/jpeg"}],"twitter_card":"summary_large_image","twitter_misc":{"Dur\u00e9e de lecture estim\u00e9e":"1 minute"},"schema":{"@context":"https:\/\/schema.org","@graph":[{"@type":"WebPage","@id":"https:\/\/www.cadca.org\/resource\/general-dean-addresses-bi-partisan-task-force-meeting-today-on-capitol-hill\/","url":"https:\/\/www.cadca.org\/resource\/general-dean-addresses-bi-partisan-task-force-meeting-today-on-capitol-hill\/","name":"General Dean Addresses Bi-Partisan Task Force Meeting Today on Capitol Hill | CADCA","isPartOf":{"@id":"https:\/\/www.cadca.org\/#website"},"datePublished":"2016-05-12T00:00:00+00:00","breadcrumb":{"@id":"https:\/\/www.cadca.org\/resource\/general-dean-addresses-bi-partisan-task-force-meeting-today-on-capitol-hill\/#breadcrumb"},"inLanguage":"fr-FR","potentialAction":[{"@type":"ReadAction","target":["https:\/\/www.cadca.org\/resource\/general-dean-addresses-bi-partisan-task-force-meeting-today-on-capitol-hill\/"]}]},{"@type":"BreadcrumbList","@id":"https:\/\/www.cadca.org\/resource\/general-dean-addresses-bi-partisan-task-force-meeting-today-on-capitol-hill\/#breadcrumb","itemListElement":[{"@type":"ListItem","position":1,"name":"Home","item":"https:\/\/www.cadca.org\/"},{"@type":"ListItem","position":2,"name":"General Dean Addresses Bi-Partisan Task Force Meeting Today on Capitol Hill"}]},{"@type":"WebSite","@id":"https:\/\/www.cadca.org\/#website","url":"https:\/\/www.cadca.org\/","name":"CADCA","description":"The Premier Prevention Association","potentialAction":[{"@type":"SearchAction","target":{"@type":"EntryPoint","urlTemplate":"https:\/\/www.cadca.org\/?s={search_term_string}"},"query-input":{"@type":"PropertyValueSpecification","valueRequired":true,"valueName":"search_term_string"}}],"inLanguage":"fr-FR"}]}},"_links":{"self":[{"href":"https:\/\/www.cadca.org\/fr\/wp-json\/wp\/v2\/resource\/17519","targetHints":{"allow":["GET"]}}],"collection":[{"href":"https:\/\/www.cadca.org\/fr\/wp-json\/wp\/v2\/resource"}],"about":[{"href":"https:\/\/www.cadca.org\/fr\/wp-json\/wp\/v2\/types\/resource"}],"author":[{"embeddable":true,"href":"https:\/\/www.cadca.org\/fr\/wp-json\/wp\/v2\/users\/23"}],"version-history":[{"count":0,"href":"https:\/\/www.cadca.org\/fr\/wp-json\/wp\/v2\/resource\/17519\/revisions"}],"wp:attachment":[{"href":"https:\/\/www.cadca.org\/fr\/wp-json\/wp\/v2\/media?parent=17519"}],"wp:term":[{"taxonomy":"resource_type","embeddable":true,"href":"https:\/\/www.cadca.org\/fr\/wp-json\/wp\/v2\/resource_type?post=17519"},{"taxonomy":"drug_specific_issues","embeddable":true,"href":"https:\/\/www.cadca.org\/fr\/wp-json\/wp\/v2\/drug_specific_issues?post=17519"},{"taxonomy":"action_to_do","embeddable":true,"href":"https:\/\/www.cadca.org\/fr\/wp-json\/wp\/v2\/action_to_do?post=17519"}],"curies":[{"name":"wp","href":"https:\/\/api.w.org\/{rel}","templated":true}]}}

<p>CADCA’s Chairman and CEO, Gen. Arthur T. Dean, addressed members of a Bi-Partisan Task Force to Combat the Heroin Epidemic this morning on Capitol Hill.</p>
<p>With the House of Representatives passing 10 opioid bills this week and more votes scheduled for later today, CADCA wanted coalitions to read Gen. Dean’s statement from this morning’s bi-partisan task force meeting.</p>
<p>Here is an excerpt:</p>
<p>“As you all know, the senate-passed version of <a href="https://www.cadca.org/fr/cara/" target="_blank" rel="noopener">CARA</a>, inclut la prévention et s’appuie sur le succès des bénéficiaires des subventions des PLC. </p>
<p>CADCA soutient tous les aspects du CARA – des changements dans le système de justice pénale à l’expansion du traitement assisté par la naloxone et les médicaments.  </p>
<p>Et l’ajout de la prévention est un élément essentiel de toute approche globale face à notre crise des opioïdes.</p>
<p>Par conséquent, je suis encouragé qu’un vote ait lieu aujourd’hui sur un amendement visant à faire des « programmes de prévention et de rétablissement » une utilisation autorisée dans la mesure des opioïdes à la maison, HR-5046.</p>
<p>Je pense que nous sommes tous conscients que cette crise ne peut être résolue sans regarder en amont et sans investir judicieusement dans une prévention primaire efficace. </p>
<p>CADCA souhaite remercier tous ceux qui se joignent à nous dans ce combat pour sauver des vies et guérir les communautés. </p>
<p>We join our 5,000 coalition partners across the U.S. to ask that any final, passed legislation to combat the opioid/heroin epidemic include the prevention provisions that we know are desperately needed.”</p>
<p>Watch CADCA’s website, social media and your email for CARA news as it develops. </p>

<!-- This site is optimized with the Yoast SEO plugin v27.4 - https://yoast.com/product/yoast-seo-wordpress/ -->
<title>General Dean Addresses Bi-Partisan Task Force Meeting Today on Capitol Hill | CADCA</title>
<meta name="robots" content="index, follow, max-snippet:-1, max-image-preview:large, max-video-preview:-1" />
<link rel="canonical" href="https://www.cadca.org/fr/resource/general-dean-addresses-bi-partisan-task-force-meeting-today-on-capitol-hill/" />
<meta property="og:locale" content="fr_FR" />
<meta property="og:type" content="article" />
<meta property="og:title" content="General Dean Addresses Bi-Partisan Task Force Meeting Today on Capitol Hill | CADCA" />
<meta property="og:description" content="CADCA’s Chairman and CEO, Gen. Arthur T. Dean, addressed members of a Bi-Partisan Task Force to Combat the Heroin Epidemic" />
<meta property="og:url" content="https://www.cadca.org/fr/resource/general-dean-addresses-bi-partisan-task-force-meeting-today-on-capitol-hill/" />
<meta property="og:site_name" content="CADCA" />
<meta property="og:image" content="https://www.cadca.org/wp-content/uploads/2022/03/cadca-member-of-logo1.jpg" />
	<meta property="og:image:width" content="880" />
	<meta property="og:image:height" content="500" />
	<meta property="og:image:type" content="image/jpeg" />
<meta name="twitter:card" content="summary_large_image" />
<meta name="twitter:label1" content="Durée de lecture estimée" />
	<meta name="twitter:data1" content="1 minute" />
<script type="application/ld+json" class="yoast-schema-graph">{"@context":"https:\/\/schema.org","@graph":[{"@type":"WebPage","@id":"https:\/\/www.cadca.org\/resource\/general-dean-addresses-bi-partisan-task-force-meeting-today-on-capitol-hill\/","url":"https:\/\/www.cadca.org\/resource\/general-dean-addresses-bi-partisan-task-force-meeting-today-on-capitol-hill\/","name":"General Dean Addresses Bi-Partisan Task Force Meeting Today on Capitol Hill | CADCA","isPartOf":{"@id":"https:\/\/www.cadca.org\/#website"},"datePublished":"2016-05-12T00:00:00+00:00","breadcrumb":{"@id":"https:\/\/www.cadca.org\/resource\/general-dean-addresses-bi-partisan-task-force-meeting-today-on-capitol-hill\/#breadcrumb"},"inLanguage":"fr-FR","potentialAction":[{"@type":"ReadAction","target":["https:\/\/www.cadca.org\/resource\/general-dean-addresses-bi-partisan-task-force-meeting-today-on-capitol-hill\/"]}]},{"@type":"BreadcrumbList","@id":"https:\/\/www.cadca.org\/resource\/general-dean-addresses-bi-partisan-task-force-meeting-today-on-capitol-hill\/#breadcrumb","itemListElement":[{"@type":"ListItem","position":1,"name":"Home","item":"https:\/\/www.cadca.org\/"},{"@type":"ListItem","position":2,"name":"General Dean Addresses Bi-Partisan Task Force Meeting Today on Capitol Hill"}]},{"@type":"WebSite","@id":"https:\/\/www.cadca.org\/#website","url":"https:\/\/www.cadca.org\/","name":"CADCA","description":"The Premier Prevention Association","potentialAction":[{"@type":"SearchAction","target":{"@type":"EntryPoint","urlTemplate":"https:\/\/www.cadca.org\/?s={search_term_string}"},"query-input":{"@type":"PropertyValueSpecification","valueRequired":true,"valueName":"search_term_string"}}],"inLanguage":"fr-FR"}]}</script>
<!-- / Yoast SEO plugin. -->
